
False
Is 25495 prime?
False
Is 290701 a composite number?
False
Is 158489 a composite number?
False
Is 105863 a prime number?
True
Is 14701 prime?
False
Is 152557 a composite number?
True
Is 21913 a composite number?
True
Is 2939135 a prime number?
False
Is 3719 composite?
False
Is 33791 prime?
True
Is 135635 a composite number?
True
Is 1061 composite?
False
Is 27059 a prime number?
True
Is 2479 composite?
True
Is 7311 a composite number?
True
Is 204415 composite?
True
Is 1257 a prime number?
False
Is 297323 prime?
False
Is 6927 a composite number?
True
Is 374937 a prime number?
False
Is 1677041 composite?
True
Is 62851 composite?
False
Is 14167 a prime number?
False
Is 4103 a composite number?
True
Is 11189 prime?
False
Is 18022 composite?
True
Is 117533 a prime number?
False
Is 4054 a prime number?
False
Is 9239 prime?
True
Is 345427 composite?
True
Is 126307 composite?
False
Is 216833 composite?
True
Is 4397 a composite number?
False
Is 137797 prime?
False
Is 129853 a prime number?
True
Is 250429 composite?
True
Is 16331 a prime number?
False
Is 25195 a prime number?
False
Is 1517 composite?
True
Is 2333 prime?
True
Is 1866221 composite?
True
Is 90658 a prime number?
False
Is 15817 a prime number?
True
Is 1754359 a prime number?
True
Is 271913 prime?
False
Is 355891 composite?
False
Is 10007 a prime number?
True
Is 33679 a prime number?
True
Is 127951 composite?
False
Is 57719 prime?
True
Is 520451 a composite number?
False
Is 67511 a prime number?
True
Is 18663 composite?
True
Is 197711 prime?
True
Is 288647 composite?
False
Is 1703581 composite?
True
Is 898 a composite number?
True
Is 83843 a composite number?
False
Is 266335 a composite number?
True
Is 35579 a composite number?
True
Is 16293 prime?
False
Is 534731 a composite number?
True
Is 68519 a prime number?
False
Is 98251 a composite number?
False
Is 545789 composite?
False
Is 4571 a composite number?
True
Is 670083 a composite number?
True
Is 428731 composite?
False
Is 713 a prime number?
False
Is 21469 a composite number?
True
Is 94195 prime?
False
Is 17851 composite?
False
Is 2498 prime?
False
Is 80747 composite?
False
Is 74227 composite?
True
Is 370333 a prime number?
False
Is 2627 a prime number?
False
Is 1949 a prime number?
True
Is 18511 prime?
False
Is 1255 a composite number?
True
Is 260171 prime?
True
Is 8529 a prime number?
False
Is 37491 a prime number?
False
Is 2771173 a prime number?
True
Is 188753 a prime number?
True
Is 145423 a composite number?
False
Is 19939 a composite number?
True
Is 86261 prime?
False
Is 5873 a prime number?
False
Is 8529 a composite number?
True
Is 28442 a composite number?
True
Is 70757 a composite number?
True
Is 275251 prime?
True
Is 5182 prime?
False
Is 219169 prime?
True
Is 228169 composite?
True
Is 522947 a composite number?
False
Is 32173 a composite number?
False
Is 32449 prime?
False
Is 86323 composite?
False
Is 16973 a composite number?
True
Is 14767153 a composite number?
False
Is 804571 a prime number?
True
Is 312079 composite?
True
Is 9307 composite?
True
Is 92949 prime?
False
Is 4963 composite?
True
Is 75557 prime?
True
Is 12151 a prime number?
False
Is 16301 composite?
False
Is 20053 prime?
False
Is 29999 a prime number?
False
Is 4909 prime?
True
Is 212989 a composite number?
True
Is 220733 composite?
True
Is 392383 a composite number?
False
Is 171793 a composite number?
False
Is 1004027 a prime number?
True
Is 69773 composite?
True
Is 7001 composite?
False
Is 22511 composite?
False
Is 5227 a prime number?
True
Is 5507 a composite number?
False
Is 3077 a prime number?
False
Is 348703 composite?
True
Is 88481 composite?
True
Is 436255 prime?
False
Is 38429 a prime number?
False
Is 113327 a prime number?
True
Is 1673 composite?
True
Is 29779 prime?
False
Is 7981 a composite number?
True
Is 1059533 prime?
False
Is 3283693 a prime number?
False
Is 382937 composite?
True
Is 32677 a composite number?
True
Is 3407 a prime number?
True
Is 2174 composite?
True
Is 254321 a composite number?
True
Is 382013 a prime number?
False
Is 566063 a composite number?
True
Is 298937 prime?
True
Is 10882 a prime number?
False
Is 519551 a composite number?
False
Is 169151 prime?
True
Is 15959 a composite number?
False
Is 261823 a composite number?
False
Is 91621 a composite number?
False
Is 6469 a prime number?
True
Is 406169 prime?
True
Is 44463 a composite number?
True
Is 19619 a composite number?
True
Is 57553 composite?
True
Is 17827 composite?
False
Is 59507 prime?
False
Is 110023 a prime number?
True
Is 16645 a composite number?
True
Is 141091 a composite number?
True
Is 2437 a prime number?
True
Is 9181 a prime number?
True
Is 340751 a prime number?
False
Is 2861 a composite number?
False
Is 157889 a composite number?
False
Is 17943 composite?
True
Is 120149 a prime number?
False
Is 110671 a prime number?
False
Is 63227 a prime number?
False
Is 7393 a composite number?
False
Is 382199 a composite number?
True
Is 10157 a prime number?
False
Is 57571 a prime number?
True
Is 109223 composite?
True
Is 10243 a prime number?
True
Is 25735 a composite number?
True
Is 658759 composite?
True
Is 28901 composite?
False
Is 13766 prime?
False
Is 27211 composite?
False
Is 41719 composite?
False
Is 57463 composite?
True
Is 56437 prime?
True
Is 51257 a prime number?
True
Is 36247 a composite number?
True
Is 3087417 a composite number?
True
Is 136757 a composite number?
True
Is 5737 a composite number?
False
Is 12071 a composite number?
False
Is 2129 a composite number?
False
Is 29059 a composite number?
False
Is 12287 a prime number?
False
Is 244109 a composite number?
False
Is 1081151 a prime number?
False
Is 61942 composite?
True
Is 10771 a prime number?
True
Is 66077 a prime number?
False
Is 15389 prime?
False
Is 14971 a composite number?
True
Is 15837 a composite number?
True
Is 11401 a prime number?
False
Is 1769 prime?
False
Is 17021 composite?
False
Is 269317 a composite number?
False
Is 170447 prime?
True
Is 17693 a prime number?
False
Is 702358 a prime number?
False
Is 104519 a prime number?
False
Is 1034069 composite?
False
Is 155327 a composite number?
False
Is 6373 a prime number?
True
Is 71017 prime?
False
Is 76991 composite?
False
Is 578089 prime?
False
Is 100649 composite?
False
Is 340115 a composite number?
True
Is 44617 a prime number?
True
Is 660833 composite?
False
Is 13649 a prime number?
True
Is 4747 prime?
False
Is 808147 a prime number?
True
Is 4643 a composite number?
False
Is 1688743 a composite number?
True
Is 1086493 prime?
True
Is 156217 a composite number?
False
Is 5777 a prime number?
False
Is 1483 a composite number?
False
Is 274 a composite number?
True
Is 540587 composite?
False
Is 86309 a prime number?
False
Is 3457 prime?
True
Is 27955 composite?
True
Is 320839 composite?
False
Is 10589 prime?
True
Is 14101 prime?
False
Is 462853 a prime number?
False
Is 146597 composite?
True
Is 32317 a prime number?
False
Is 22199 composite?
True
Is 529847 composite?
False
Is 16519 a composite number?
False
Is 134503 a composite number?
False
Is 774583 a composite number?
False
Is 455809 prime?
True
Is 310459 prime?
True
Is 339863 a prime number?
True
Is 139157 composite?
True
Is 27031 composite?
False
Is 14689 a prime number?
False
Is 87473 prime?
True
Is 394897 composite?
False
Is 3937 prime?
False
Is 372259 prime?
False
Is 319771 a composite number?
True
Is 6609 a composite number?
True
Is 67601 a composite number?
False
Is 650813 a composite number?
False
Is 18053 composite?
True
Is 45817 prime?
True
Is 21379 a composite number?
False
Is 32539 a prime number?
False
Is 5773 a prime number?
False
Is 147761 prime?
True
Is 10643 a composite number?
True
Is 9527 prime?
False
Is 30521 a composite number?
True
Is 7807 a prime number?
False
Is 235783 a composite number?
False
Is 1562789 composite?
True
Is 611383 a prime number?
False
Is 165169 a composite number?
True
Is 26669 a composite number?
False
Is 109157 a composite number?
True
Is 19937 a prime number?
True
Is 353321 composite?
False
Is 4327 prime?
True
Is 6547 prime?
True
Is 196921 prime?
False
Is 44539 prime?
False
Is 4591 a composite number?
False
Is 628013 a prime number?
True
Is 1781 composite?
True
Is 544613 a composite number?
False
Is 315373 prime?
True
Is 152147 composit